1735 - k. What is the tens digit of a?
4
Let w = 76 - 228. Let g = w + 394. What is the units digit of g?
2
Let o(t) = t**2 + 3*t + 8. Let n(l) = l**3 + 4*l**2 + 3*l + 16. Let p be n(-4). Suppose -b + d - 3 = 4, 16 = p*d. What is the units digit of o(b)?
8
What is the units digit of 19624 + 9 + -9 + 4 + -5 + 4?
7
Let h = 512 + 16115. What is the tens digit of h?
2
Suppose 4*o + 3*p = 4*p + 23, -3*o + 3*p + 6 = 0. What is the tens digit of (-3096)/(3 - o) + (1 - -1)?
7
Let i = -96 + 124. Let z = 236 + i. What is the hundreds digit of z?
2
Suppose -20*p - 227 = -15*p - 2*t, -p + 2*t = 47. What is the units digit of ((-14830)/p)/(2/9)?
3
Let g(h) = -1523*h + 570. What is the hundreds digit of g(-5)?
1
Let l(q) = -2*q**3 + 119*q**2 + 90*q + 12. What is the tens digit of l(58)?
2
Suppose 0 = -v + 5*n + 9457, -2*v = 31*n - 30*n - 18914. What is the thousands digit of v?
9
Let v(j) be the first derivative of 4*j**3/3 + 5*j**2 + 28*j - 196. What is the units digit of v(6)?
2
Suppose 14604 = 3*p + 3*y, 158*p - 162*p = -2*y - 19454. What is the units digit of p?
5
Suppose -49*f + 108047 + 252970 = -90077. What is the thousands digit of f?
9
Let h(m) = -857*m - 537. What is the tens digit of h(-10)?
3
Suppose 3*q + 5*u - 115800 = 0, -20*q + 13*q + 2*u + 270282 = 0. What is the hundreds digit of q?
6
Let v(b) = -68*b - 25. Let d be v(-11). Suppose 37*w - d = 461. What is the tens digit of w?
3
Let h = 55 + -138. Let d = -34 - h. What is the units digit of d?
9
Let w = 172 + -169. Suppose -n - 6 = -5*l, 15 = w*n - l - 9. What is the units digit of n?
9
What is the units digit of ((-866898)/54)/((-11)/33)?
1
Suppose -21 = -12*h - 165. Let j(u) = -u**3 - 8*u**2 - 18*u + 15. What is the tens digit of j(h)?
0
Suppose 0 = q + 15*q - 48. Suppose 0 = 5*s + 15, g - q*s + 4*s + 9 = 0. Let z(f) = 4*f**2 + 5*f + 6. What is the units digit of z(g)?
0
Let u be ((-16)/(-16))/(2/(-6)). Let s(y) = 14 - 6*y - 22*y - 19*y - 11*y. What is the units digit of s(u)?
8
Let l(w) = 5301*w - 3080. What is the units digit of l(5)?
5
Let n = 75567 - 33507. What is the ten thousands digit of n?
4
Let l(q) = 14*q**2 - q + 2. Let k be l(1). Suppose -5*g = 10 - k. Let d(h) = 2*h**3 + 2*h**2 + h - 2. What is the units digit of d(g)?
3
Let o(f) = -16*f - 34 - 2*f + 18*f**2 - 33 + 2. What is the thousands digit of o(10)?
1
Let i = 10 - 7. Suppose i*y - 6 = 6*y. Let j(o) = 47*o**2 + 2*o + 1. What is the hundreds digit of j(y)?
1
Suppose 10*f + 229*f = 44*f + 5268120. What is the thousands digit of f?
7
Let z be 17/(17/4200) - -6. Suppose -6*s + z = -1728. What is the units digit of s?
9
Let p = -176981 + 248332. What is the thousands digit of p?
1
Let d be (-264)/72 - (-2)/(-6). What is the hundreds digit of d/(-6*8/5496)?
4
Suppose 2*t + 0 = 4*o + 8, 0 = t + 5*o + 17. Let w = 75 - t. What is the units digit of w?
7
Suppose -13 = 9*y - 58. Suppose -5*s - 2*r - 1 = 0, s + 4*s - y*r = 20. Let z(p) = 82*p**3 + p**2 - p + 1. What is the units digit of z(s)?
3
Let u(v) = 30*v**2 - 7*v + 459. What is the ten thousands digit of u(-19)?
1
Suppose 2*w = 4*l - 496, -w + 4 = 4. What is the hundreds digit of l?
1
Let c(z) = 96*z**3 + 8*z**2 + 21*z - 21. What is the thousands digit of c(5)?
2
Let b = -53 - -42. Let t be 6/8*(-88)/b. Suppose -t*a = -155 - 181. What is the tens digit of a?
5
Suppose 4*q - 2*o + 1522 = 0, -3*q - 4*o - 1136 = -0*o. What is the units digit of -6 + 1 + 3 - q?
8
Let i = -165 + 316. Let x = i - 100. Suppose -x*j + 56*j - 645 = 0. What is the tens digit of j?
2
Let t be (2/(-1) - (-240)/8) + -4. Suppose -t*d + 66 = -13*d. Let a(o) = 3*o**2 - 3*o + 1. What is the units digit of a(d)?
1
Suppose 43*u = 49*u - 30. Suppose -2828 = 9*a - 14*a + o, 3*a + u*o - 1680 = 0. What is the hundreds digit of a?
5
Let x(h) = -230*h**3 - 4*h**2 + 18*h + 60. What is the units digit of x(-4)?
4
Let g = 5778 - -4551. What is the tens digit of g?
2
Suppose -5*x = 4*d - 0*x - 108, -2*d + 2*x + 72 = 0. Suppose -2*s + d = -s. Suppose z - s = -z. What is the tens digit of z?
1
Suppose 3*o + 2*o - 10 = 0. Suppose 4*d = -o*w + 214, 3*d + 2*w - 34 = 128. Suppose -2*x + 16 = -d. What is the units digit of x?
4
What is the tens digit of -12 + (0 - -4) + 23206*(-12 + 15)?
1
Let g(n) = -2*n**3 - 102*n**2 - 81*n - 97. Let i be g(-50). Let a = 315 - i. What is the units digit of a?
2
Let d(k) = 162*k**2 + 20*k - 69. What is the thousands digit of d(5)?
4
Let z(y) = 192*y + 1621. What is the tens digit of z(32)?
6
Suppose -173*s - 87061 = -186*s. What is the hundreds digit of s?
6
Suppose 0 = -3*s + 3*d + 165, d + 0*d = 4*s - 223. What is the tens digit of s?
5
Suppose -120*k = -116*k - 4056. What is the units digit of k?
4
What is the units digit of (1/5)/(141/35638455)?
1
What is the ten thousands digit of 1/7 + ((-38373280)/(-224))/5?
3
Let h(s) = s + 100. Let q be h(-11). Suppose 0 = 9*y + 8 - q. What is the units digit of 167*12/y + 8/6?
4
Suppose -q + 934 = 3*o, 3*q + q - 3764 = 2*o. Suppose -2*b - q = -4*b + w, 0 = 3*b + 3*w - 1401. What is the units digit of b?
9
Let a = 91 + -99. Let k(n) = -35*n + 31. What is the tens digit of k(a)?
1
Let b(r) = 14*r**2 + 18*r + 62. Let o be b(-4). Let p = 973 - o. What is the units digit of p?
9
Let s = -32 + 34. Let o = s + 3. Suppose j = -3*m + o*j + 136, -4*m + 5*j = -182. What is the units digit of m?
8
Suppose -12*i + 356581 + 133583 = 0. What is the thousands digit of i?
0
Let c(z) = -4*z - 4. Let g be c(2). Let n(m) = 4*m**2 - 19*m - 16. What is the hundreds digit of n(g)?
7
Suppose -13*u - 13*u = -104. Let s(t) be the first derivative of t**4/4 + 4*t**3/3 - 2*t**2 + 5*t + 13. What is the hundreds digit of s(u)?
1
Suppose 4005 = 12*n - 7755. Let j = n + -692. What is the hundreds digit of j?
2
Let r(l) = -l**2 - 32*l + 24. Let n be r(-32). Suppose 3*k + 15 = n. What is the units digit of k?
3
Let n be 18 + ((-4)/(-8) - 2/4). Let r(p) = 16*p - 232. What is the units digit of r(n)?
6
What is the hundreds digit of (2 - 32)*(205176/(-144))/103?
4
Let s = 48 - 47. Let c(u) = 12*u**2 - u - u**3 + s - 7 - 6*u - 6. What is the units digit of c(10)?
8
Let v be 155/10*(5 + -2 + -1). Suppose -v*c + 43*c - 10740 = 0. What is the units digit of c?
5
Let g(p) = 47*p**2 + 194*p + 1817. What is the units digit of g(-10)?
7
Suppose -21*z = -11*z - 2180. Let w = z - 159. What is the tens digit of w?
5
What is the tens digit of 13/(-104) - 474877/(-104)?
6
Let d = -352 + 631. Let l = 129 + d. What is the tens digit of l?
0
Suppose -5*u = 7 - 2, -5*v + 238 = 2*u. Suppose 46*x - v*x = -130. Suppose 0 = -4*i - 17 + x. What is the tens digit of i?
1
Suppose 0 = 3*d - 0*d + 12. Suppose -3585 = -288*i + 13695. What is the tens digit of 31*(3/(-9))/(d/i)?
5
Let y(o) = 628*o - 550. What is the thousands digit of y(24)?
4
Let a = -274 + 167. Let q = 375 + a. Suppose 0 = 9*r - q - 893. What is the units digit of r?
9
Let i = -1482 - -798. Let z = 1148 + i. What is the tens digit of z?
6
Suppose -3*v - 5*y + 4 = -22, -76 = -3*v + 5*y. Suppose -20*h + v*h = 0. Suppose h = -2*b + 31 + 335. What is the units digit of b?
3
Let z(r) = 16*r + 126. Let s be z(-6). What is the hundreds digit of 425/s*26 - 4/12?
3
Let o = -111 - -15. Let a be 15*4*(-4)/o*2. Suppose 0 = 4*k + 2*i - 664, 0 = a*k + i - 6*i - 860. What is the units digit of k?
8
Let d = -57160 + 88122. What is the hundreds digit of d?
9
What is the thousands digit of ((-1 - 16) + 2)/(147/(-83398))?
8
Let z be (-4 + 5)/((-2)/(-134)). Suppose -z*j + 984 = -65*j. Suppose -5*g + 4*i = -611, -4*i - j = -g - 3*g. What is the tens digit of g?
1
Let z(o) = -16*o - 10 + 9*o**2 - o**3 + 9*o + 6*o. Suppose -2*t = -n - 5*t + 15, 4*t = n + 6. What is the tens digit of z(n)?
9
Suppose 56 = -9*o + 1820. Let u = o - 143. What is the tens digit of u?
5
Let a(j) = -2*j**2 + 14*j. Let m be a(7). Suppose -2*y + i + 274 = m, 0*y - y + 137 = 4*i. Let k = -74 + y. What is the units digit of k?
3
Let x(y) = -3*y**3 + 5*y**2 + 5*y - 1. Let t be x(-1). What is the hundreds digit of (4191/44)/(t/16)?
7
Let d(s) = 8*s - 273. Let n be d(31). Let v(c) = -85*c + 2. Let t be v(-1). What is the units digit of n/45*-3*t?
5
Let u = -20 + 30. Suppose 0 = -3*s - 3*a + 6, 5*s - u = -2*a + 7*a. Suppose c - 138 = -w, 5*w = -0*c + s*c - 241. What is the units digit of c?
3
L